 prime factors of 4211022.
2, 3, 701837
List the prime factors of 25692958.
2, 1361, 9439
What are the prime factors of 9790859?
13, 753143
List the prime factors of 42910761.
3, 53, 269879
List the prime factors of 22703088.
2, 3, 239, 1979
What are the prime factors of 358306?
2, 13, 13781
List the prime factors of 291673.
137, 2129
What are the prime factors of 139873?
61, 2293
What are the prime factors of 214282?
2, 19, 5639
What are the prime factors of 154008?
2, 3, 23, 31
What are the prime factors of 12663967?
73, 283, 613
List the prime factors of 2061854.
2, 103, 10009
What are the prime factors of 10323963?
3, 13, 67, 439
What are the prime factors of 19084224?
2, 3, 99397
List the prime factors of 34319365.
5, 6863873
List the prime factors of 22799525.
5, 7, 19, 6857
What are the prime factors of 21943?
21943
What are the prime factors of 271947?
3, 13, 19, 367
What are the prime factors of 205511?
151, 1361
What are the prime factors of 282844?
2, 31, 2281
List the prime factors of 665403.
3, 293, 757
List the prime factors of 31007.
101, 307
List the prime factors of 13152812.
2, 97, 109, 311
What are the prime factors of 1414828?
2, 41, 8627
List the prime factors of 368440.
2, 5, 61, 151
What are the prime factors of 648645?
3, 5, 83, 521
What are the prime factors of 3134211?
3, 1044737
List the prime factors of 1058848.
2, 7, 29, 163
List the prime factors of 3619273.
7, 67, 7717
List the prime factors of 567389.
567389
What are the prime factors of 1239507?
3, 137723
List the prime factors of 16916218.
2, 11, 97, 7927
List the prime factors of 22095219.
3, 31, 193, 1231
List the prime factors of 502782.
2, 3, 7, 11971
What are the prime factors of 8908237?
13, 685249
What are the prime factors of 769352?
2, 17, 5657
List the prime factors of 399292.
2, 99823
List the prime factors of 1172494.
2, 23, 71, 359
What are the prime factors of 368554?
2, 127, 1451
What are the prime factors of 10951777?
10951777
List the prime factors of 6369090.
2, 3, 5, 7, 13, 2333
What are the prime factors of 249303?
3, 83101
List the prime factors of 597987.
3, 13, 19, 269
What are the prime factors of 2519888?
2, 7, 149, 151
List the prime factors of 2822570.
2, 5, 29, 9733
List the prime factors of 7274221.
647, 11243
What are the prime factors of 2906907?
3, 139, 6971
What are the prime factors of 335464?
2, 19, 2207
What are the prime factors of 404016?
2, 3, 19, 443
What are the prime factors of 151468?
2, 19, 1993
What are the prime factors of 35979593?
13, 212897
List the prime factors of 3048986.
2, 1524493
List the prime factors of 780964.
2, 195241
List the prime factors of 18444.
2, 3, 29, 53
What are the prime factors of 13168823?
823, 16001
List the prime factors of 11401479.
3, 140759
List the prime factors of 25836981.
3, 23, 31, 47, 257
What are the prime factors of 4770521?
7, 37, 113, 163
List the prime factors of 7165972.
2, 11, 23, 73, 97
What are the prime factors of 2657748?
2, 3, 241, 919
List the prime factors of 55433.
7, 7919
What are the prime factors of 3629855?
5, 19, 2011
List the prime factors of 25919538.
2, 3, 103, 41941
What are the prime factors of 1029648?
2, 3, 19, 1129
What are the prime factors of 2231295?
3, 5, 11, 13523
List the prime factors of 122697.
3, 13633
What are the prime factors of 843106?
2, 11, 19, 2017
List the prime factors of 154124.
2, 53, 727
What are the prime factors of 8700670?
2, 5, 11, 19, 23, 181
What are the prime factors of 446449?
41, 10889
What are the prime factors of 13357173?
3, 4452391
List the prime factors of 947870.
2, 5, 7, 11, 1231
What are the prime factors of 377013?
3, 7, 13, 1381
List the prime factors of 6404008.
2, 13, 139, 443
List the prime factors of 17662873.
23, 767951
What are the prime factors of 106961?
106961
What are the prime factors of 6056138?
2, 11, 47, 5857
What are the prime factors of 6288992?
2, 149, 1319
List the prime factors of 13580907.
3, 521, 8689
What are the prime factors of 176214?
2, 3, 43, 683
What are the prime factors of 314148?
2, 3, 47, 557
List the prime factors of 1636050.
2, 3, 5, 13, 839
What are the prime factors of 2522869?
167, 15107
What are the prime factors of 197953?
7, 28279
List the prime factors of 258841.
11, 23531
What are the prime factors of 1476493?
107, 13799
What are the prime factors of 7780047?
3, 11, 281, 839
List the prime factors of 115927.
7, 16561
List the prime factors of 888310.
2, 5, 211, 421
What are the prime factors of 477816?
2, 3, 43, 463
List the prime factors of 9861874.
2, 11, 19, 23593
What are the prime factors of 390263?
390263
List the prime factors of 11723139.
3, 1302571
List the prime factors of 7976432.
2, 498527
List the prime factors of 6819589.
7, 281, 3467
List the prime factors of 180601.
313, 577
What are the prime factors of 3367140?
2, 3, 5, 7, 8017
What are the prime factors of 1950?
2, 3, 5, 13
What are the prime factors of 186377?
186377
What are the prime factors of 1524646?
2, 29, 97, 271
What are the prime factors of 14553999?
3, 101, 593
What are the prime factors of 11229401?
17, 67, 9859
What are the prime factors of 351627?
3, 117209
What are the prime factors of 1103959?
67, 16477
List the prime factors of 6986463.
3, 11, 211711
What are the prime factors of 206532?
2, 3, 5737
List the prime factors of 175498.
2, 47, 1867
What are the prime factors of 14475746?
2, 7237873
What are the prime factors of 155896?
2, 13, 1499
What are the prime factors of 303248?
2, 11, 1723
List the prime factors of 16871456.
2, 7, 109, 691
List the prime factors of 3456358.
2, 1728179
What are the prime factors of 270544?
2, 37, 457
What are the prime factors of 1922925?
3, 5, 25639
What are the prime factors of 109726?
2, 83, 661
What are the prime factors of 3438605?
5, 687721
What are the prime factors of 707630?
2, 5, 7, 11, 919
List the prime factors of 3629780.
2, 5, 7, 11, 2357
What are the prime factors of 386017?
386017
What are the prime factors of 119523?
3, 39841
List the prime factors of 5948533.
5948533
List the prime factors of 339084.
2, 3, 9419
What are the prime factors of 20173940?
2, 5, 71, 14207
List the prime factors of 99847.
11, 29, 313
What are the prime factors of 467201?
7, 31, 2153
List the prime factors of 10346986.
2, 13, 167, 2383
What are the prime factors of 9415645?
5, 1883129
What are the prime factors of 352396?
2, 11, 8009
List the prime factors of 1075139.
13, 191, 433
List the prime factors of 1296694.
2, 7, 23, 4027
What are the prime factors of 421595?
5, 84319
What are the prime factors of 12252256?
2, 382883
What are the prime factors of 504420?
2, 3, 5, 7, 1201
What are the prime factors of 3325712?
2, 13, 59, 271
List the prime factors of 74381.
74381
What are the prime factors of 922131?
3, 7, 17, 41
List the prime factors of 2245001.
11, 409, 499
What are the prime factors of 11517762?
2, 3, 19, 71, 1423
What are the prime factors of 12460573?
647, 19259
What are the prime factors of 341730?
2, 3, 5, 3797
List the prime factors of 68881.
68881
List the prime factors of 169771.
7, 79, 307
List the prime factors of 13134194.
2, 269, 24413
List the prime factors of 143639.
239, 601
List the prime factors of 9676043.
13, 17, 43783
List the prime factors of 68354.
2, 11, 13, 239
What are the prime factors of 518273?
7, 1511
List the prime factors of 680.
2, 5, 17
What are the prime factors of 2128160?
2, 5, 47, 283
What are the prime factors of 12947671?
11, 431, 2731
List the prime factors of 806740.
2, 5, 11, 19, 193
List the prime factors of 841533.
3, 7, 11, 3643
What are the prime factors of 11126?
2, 5563
What are the prime factors of 215015?
5, 43003
List the prime factors of 140094.
2, 3, 43, 181
List the prime factors of 514462.
2, 13, 47, 421
What are the prime factors of 84225?
3, 5, 1123
What are the prime factors of 1202040?
2, 3, 5, 7, 53
What are the prime factors of 13354654?
2, 6677327
List the prime factors of 1323709.
73, 18133
What are the prime factors of 3652996?
2, 83, 11003
What are the prime factors of 1393988?
2, 563, 619
What are the prime factors of 2712442?
2, 1356221
List the prime factors of 2622952.
2, 327869
List the prime factors of 900157.
900157
What are the prime factors of 968538?
2, 3, 337, 479
Wha